{"id":6967,"date":"2026-04-17T14:21:51","date_gmt":"2026-04-17T13:21:51","guid":{"rendered":"https:\/\/corcouesurlogne-ecole.fr\/?page_id=6967"},"modified":"2026-04-19T00:30:18","modified_gmt":"2026-04-18T23:30:18","slug":"transport-scolaire","status":"publish","type":"page","link":"https:\/\/corcouesurlogne-ecole.fr\/?page_id=6967","title":{"rendered":"Transport scolaire"},"content":{"rendered":"<div class=\"header-page\">\n<div class=\"content\">\n<h1 class=\"node__title\">Inscription au transport scolaire<\/h1>\n<\/div>\n<\/div>\n<div class=\"node__content clearfix\">\n<div class=\"field field--name-field-paragraph field--type-entity-reference-revisions field--label-hidden field__items\">\n<div class=\"field__item\">\n<div class=\"paragraph paragraph--type--image-text paragraph--view-mode--default\">\n<div class=\"content\">\n<div class=\"text\">\n<div class=\"field field--name-field-rich-text field--type-text-long field--label-hidden field__item\">\n<h2><strong>Ann\u00e9e scolaire 2026-2027 :<\/strong><\/h2>\n<p>Les inscriptions pour la rentr\u00e9e prochaine (2026\/2027) sont ouvertes du 10 juin au 15 juillet.<strong>&nbsp;<\/strong>Au-del\u00e0 de cette date, une majoration de 30 \u20ac sera appliqu\u00e9e pour tout retard d\u2019inscription, sauf en cas de motif justifi\u00e9*.<br \/>\nEn dehors de cette p\u00e9riode, l&rsquo;inscription sera possible en cours d&rsquo;ann\u00e9e, sous r\u00e9serve de places disponibles.&nbsp;<\/p>\n<p>Avant de commencer, pensez \u00e0 pr\u00e9parer :<\/p>\n<ul>\n<li>votre identifiant et mot de passe&nbsp;<em>(si vous \u00e9tiez d\u00e9j\u00e0 inscrit l&rsquo;an pass\u00e9),<\/em><\/li>\n<li>une photo d&rsquo;identit\u00e9 num\u00e9ris\u00e9e de votre enfant<em>&nbsp;(au format jpeg, png ou gif &#8211; d&rsquo;une taille de 5 Mo maximum)<\/em><\/li>\n<li>votre carte bancaire si vous souhaitez payer au comptant ou un relev\u00e9 d\u2019identit\u00e9 bancaire (RIB) si vous souhaitez r\u00e9gler par pr\u00e9l\u00e8vement automatique (en 3 fois).<\/li>\n<\/ul>\n<p><strong>Toutes vos demandes doivent se faire depuis votre compte transport Al\u00e9op.\u202fVous ne devez donc poss\u00e9der qu\u2019un seul compte pour tous vos enfants.<\/strong><\/p>\n<p>https:\/\/inscriptions-scolaires.aleop.paysdelaloire.fr\/<\/p>\n\n<\/div>\n<\/div>\n<\/div>\n<\/div>\n<\/div>\n<\/div>\n<\/div>\n","protected":false},"excerpt":{"rendered":"<p>Inscription au transport scolaire Ann\u00e9e scolaire 2026-2027 : Les inscriptions pour la rentr\u00e9e prochaine (2026\/2027) sont ouvertes du 10 juin au 15 juillet.&nbsp;Au-del\u00e0 de cette date, une majoration de 30 \u20ac sera appliqu\u00e9e pour tout retard d\u2019inscription, sauf en cas de motif justifi\u00e9*. En dehors de cette p\u00e9riode, l&rsquo;inscription sera possible en cours d&rsquo;ann\u00e9e, sous<\/p>\n<p><a href=\"https:\/\/corcouesurlogne-ecole.fr\/?page_id=6967\" class=\"more-link themebutton\">Lire la suite<\/a><\/p>\n","protected":false},"author":1,"featured_media":0,"parent":0,"menu_order":0,"comment_status":"closed","ping_status":"closed","template":"","meta":{"ngg_post_thumbnail":0,"footnotes":""},"_links":{"self":[{"href":"https:\/\/corcouesurlogne-ecole.fr\/index.php?rest_route=\/wp\/v2\/pages\/6967"}],"collection":[{"href":"https:\/\/corcouesurlogne-ecole.fr\/index.php?rest_route=\/wp\/v2\/pages"}],"about":[{"href":"https:\/\/corcouesurlogne-ecole.fr\/index.php?rest_route=\/wp\/v2\/types\/page"}],"author":[{"embeddable":true,"href":"https:\/\/corcouesurlogne-ecole.fr\/index.php?rest_route=\/wp\/v2\/users\/1"}],"replies":[{"embeddable":true,"href":"https:\/\/corcouesurlogne-ecole.fr\/index.php?rest_route=%2Fwp%2Fv2%2Fcomments&post=6967"}],"version-history":[{"count":5,"href":"https:\/\/corcouesurlogne-ecole.fr\/index.php?rest_route=\/wp\/v2\/pages\/6967\/revisions"}],"predecessor-version":[{"id":12667,"href":"https:\/\/corcouesurlogne-ecole.fr\/index.php?rest_route=\/wp\/v2\/pages\/6967\/revisions\/12667"}],"wp:attachment":[{"href":"https:\/\/corcouesurlogne-ecole.fr\/index.php?rest_route=%2Fwp%2Fv2%2Fmedia&parent=6967"}],"curies":[{"name":"wp","href":"https:\/\/api.w.org\/{rel}","templated":true}]}}