{"id":55,"date":"2015-06-17T13:38:08","date_gmt":"2015-06-17T12:38:08","guid":{"rendered":"https:\/\/corcouesurlogne-ecole.fr\/?page_id=55"},"modified":"2023-09-03T13:33:00","modified_gmt":"2023-09-03T12:33:00","slug":"horaires-de-lecole","status":"publish","type":"page","link":"https:\/\/corcouesurlogne-ecole.fr\/?page_id=55","title":{"rendered":"Horaires de l&rsquo;\u00e9cole"},"content":{"rendered":"<h2>Les portes sont ouvertes 10 minutes avant pour l&rsquo;accueil des enfants.<\/h2>\n<h2>Horaires :&nbsp;<\/h2>\n<h2 style=\"text-align: center;\">Lundi, mardi, jeudi, vendredi : 8h45 \u00e0 12h05 et 13h30 \u00e0 16h25<\/h2>\n<h2>&nbsp;<\/h2>\n<h2>Un temps d&rsquo;Activit\u00e9s P\u00e9dagogiques Compl\u00e9mentaires est organis\u00e9 1 fois par semaine le mardi ou vendredi de 16h30 \u00e0 17h20 sur sollicitations des enseignants.<\/h2>\n","protected":false},"excerpt":{"rendered":"<p>Les portes sont ouvertes 10 minutes avant pour l&rsquo;accueil des enfants. Horaires :&nbsp; Lundi, mardi, jeudi, vendredi : 8h45 \u00e0 12h05 et 13h30 \u00e0 16h25 &nbsp; Un temps d&rsquo;Activit\u00e9s P\u00e9dagogiques Compl\u00e9mentaires est organis\u00e9 1 fois par semaine le mardi ou vendredi de 16h30 \u00e0 17h20 sur sollicitations des enseignants.<\/p>\n","protected":false},"author":1,"featured_media":0,"parent":0,"menu_order":0,"comment_status":"closed","ping_status":"closed","template":"","meta":{"ngg_post_thumbnail":0,"footnotes":""},"_links":{"self":[{"href":"https:\/\/corcouesurlogne-ecole.fr\/index.php?rest_route=\/wp\/v2\/pages\/55"}],"collection":[{"href":"https:\/\/corcouesurlogne-ecole.fr\/index.php?rest_route=\/wp\/v2\/pages"}],"about":[{"href":"https:\/\/corcouesurlogne-ecole.fr\/index.php?rest_route=\/wp\/v2\/types\/page"}],"author":[{"embeddable":true,"href":"https:\/\/corcouesurlogne-ecole.fr\/index.php?rest_route=\/wp\/v2\/users\/1"}],"replies":[{"embeddable":true,"href":"https:\/\/corcouesurlogne-ecole.fr\/index.php?rest_route=%2Fwp%2Fv2%2Fcomments&post=55"}],"version-history":[{"count":14,"href":"https:\/\/corcouesurlogne-ecole.fr\/index.php?rest_route=\/wp\/v2\/pages\/55\/revisions"}],"predecessor-version":[{"id":10760,"href":"https:\/\/corcouesurlogne-ecole.fr\/index.php?rest_route=\/wp\/v2\/pages\/55\/revisions\/10760"}],"wp:attachment":[{"href":"https:\/\/corcouesurlogne-ecole.fr\/index.php?rest_route=%2Fwp%2Fv2%2Fmedia&parent=55"}],"curies":[{"name":"wp","href":"https:\/\/api.w.org\/{rel}","templated":true}]}}