{"id":52,"date":"2015-06-17T13:27:57","date_gmt":"2015-06-17T12:27:57","guid":{"rendered":"https:\/\/corcouesurlogne-ecole.fr\/?page_id=52"},"modified":"2022-03-27T15:35:58","modified_gmt":"2022-03-27T14:35:58","slug":"les-locaux-de-lecole","status":"publish","type":"page","link":"https:\/\/corcouesurlogne-ecole.fr\/?page_id=52","title":{"rendered":"Les locaux de l&rsquo;\u00e9cole"},"content":{"rendered":"<p>Cliquez sur le lien pour d\u00e9couvrir l&rsquo;\u00e9cole<\/p>\n<p><a href=\"https:\/\/read.bookcreator.com\/HmfYwzKgcVRHVIENIvm4yEN4yI03\/rlfxnKn4QCCc61xqt4F0PQ\">https:\/\/read.bookcreator.com\/HmfYwzKgcVRHVIENIvm4yEN4yI03\/rlfxnKn4QCCc61xqt4F0PQ<\/a><\/p>\n<p><iframe class=\"wp-embedded-content\" sandbox=\"allow-scripts\" security=\"restricted\" title=\"Ecole Saint-Yves \" width=\"900\" height=\"675\" src=\"https:\/\/read.bookcreator.com\/HmfYwzKgcVRHVIENIvm4yEN4yI03\/rlfxnKn4QCCc61xqt4F0PQ#?secret=XXWg83kXQ0\" data-secret=\"XXWg83kXQ0\" frameborder=\"0\"><\/iframe><\/p>\n<p>&nbsp;<\/p>\n","protected":false},"excerpt":{"rendered":"<p>Cliquez sur le lien pour d\u00e9couvrir l&rsquo;\u00e9cole https:\/\/read.bookcreator.com\/HmfYwzKgcVRHVIENIvm4yEN4yI03\/rlfxnKn4QCCc61xqt4F0PQ &nbsp;<\/p>\n","protected":false},"author":1,"featured_media":0,"parent":0,"menu_order":0,"comment_status":"closed","ping_status":"closed","template":"","meta":{"ngg_post_thumbnail":0,"footnotes":""},"_links":{"self":[{"href":"https:\/\/corcouesurlogne-ecole.fr\/index.php?rest_route=\/wp\/v2\/pages\/52"}],"collection":[{"href":"https:\/\/corcouesurlogne-ecole.fr\/index.php?rest_route=\/wp\/v2\/pages"}],"about":[{"href":"https:\/\/corcouesurlogne-ecole.fr\/index.php?rest_route=\/wp\/v2\/types\/page"}],"author":[{"embeddable":true,"href":"https:\/\/corcouesurlogne-ecole.fr\/index.php?rest_route=\/wp\/v2\/users\/1"}],"replies":[{"embeddable":true,"href":"https:\/\/corcouesurlogne-ecole.fr\/index.php?rest_route=%2Fwp%2Fv2%2Fcomments&post=52"}],"version-history":[{"count":18,"href":"https:\/\/corcouesurlogne-ecole.fr\/index.php?rest_route=\/wp\/v2\/pages\/52\/revisions"}],"predecessor-version":[{"id":9178,"href":"https:\/\/corcouesurlogne-ecole.fr\/index.php?rest_route=\/wp\/v2\/pages\/52\/revisions\/9178"}],"wp:attachment":[{"href":"https:\/\/corcouesurlogne-ecole.fr\/index.php?rest_route=%2Fwp%2Fv2%2Fmedia&parent=52"}],"curies":[{"name":"wp","href":"https:\/\/api.w.org\/{rel}","templated":true}]}}