{"id":9957,"date":"2022-11-14T09:45:35","date_gmt":"2022-11-14T08:45:35","guid":{"rendered":"https:\/\/corcouesurlogne-ecole.fr\/wp-content\/uploads\/2022\/11\/photo-ecole-classes-elementaires.jpg"},"modified":"2022-11-14T09:45:35","modified_gmt":"2022-11-14T08:45:35","slug":"photo-ecole-classes-elementaires","status":"inherit","type":"attachment","link":"https:\/\/corcouesurlogne-ecole.fr\/?attachment_id=9957","title":{"rendered":"photo \u00e9cole classes \u00e9l\u00e9mentaires"},"author":1,"featured_media":0,"comment_status":"closed","ping_status":"closed","template":"","meta":{"ngg_post_thumbnail":0},"description":{"rendered":"<p class=\"attachment\"><a href='https:\/\/corcouesurlogne-ecole.fr\/wp-content\/uploads\/2022\/11\/photo-ecole-classes-elementaires.jpg'><img loading=\"lazy\" decoding=\"async\" width=\"300\" height=\"225\" src=\"https:\/\/corcouesurlogne-ecole.fr\/wp-content\/uploads\/2022\/11\/photo-ecole-classes-elementaires-300x225.jpg\" class=\"attachment-medium size-medium\" alt=\"\" srcset=\"https:\/\/corcouesurlogne-ecole.fr\/wp-content\/uploads\/2022\/11\/photo-ecole-classes-elementaires-300x225.jpg 300w, https:\/\/corcouesurlogne-ecole.fr\/wp-content\/uploads\/2022\/11\/photo-ecole-classes-elementaires-1024x768.jpg 1024w, https:\/\/corcouesurlogne-ecole.fr\/wp-content\/uploads\/2022\/11\/photo-ecole-classes-elementaires-768x576.jpg 768w, https:\/\/corcouesurlogne-ecole.fr\/wp-content\/uploads\/2022\/11\/photo-ecole-classes-elementaires-1536x1152.jpg 1536w, https:\/\/corcouesurlogne-ecole.fr\/wp-content\/uploads\/2022\/11\/photo-ecole-classes-elementaires.jpg 2016w\" sizes=\"(max-width: 300px) 100vw, 300px\" \/><\/a><\/p>\n"},"caption":{"rendered":""},"alt_text":"","media_type":"image","mime_type":"image\/jpeg","media_details":{"width":2016,"height":1512,"file":"2022\/11\/photo-ecole-classes-elementaires.jpg","filesize":638513,"sizes":{"medium":{"file":"photo-ecole-classes-elementaires-300x225.jpg","width":300,"height":225,"filesize":12406,"mime_type":"image\/jpeg","source_url":"https:\/\/corcouesurlogne-ecole.fr\/wp-content\/uploads\/2022\/11\/photo-ecole-classes-elementaires-300x225.jpg"},"large":{"file":"photo-ecole-classes-elementaires-1024x768.jpg","width":1024,"height":768,"filesize":108871,"mime_type":"image\/jpeg","source_url":"https:\/\/corcouesurlogne-ecole.fr\/wp-content\/uploads\/2022\/11\/photo-ecole-classes-elementaires-1024x768.jpg"},"thumbnail":{"file":"photo-ecole-classes-elementaires-150x150.jpg","width":150,"height":150,"filesize":4826,"mime_type":"image\/jpeg","source_url":"https:\/\/corcouesurlogne-ecole.fr\/wp-content\/uploads\/2022\/11\/photo-ecole-classes-elementaires-150x150.jpg"},"medium_large":{"file":"photo-ecole-classes-elementaires-768x576.jpg","width":768,"height":576,"filesize":62632,"mime_type":"image\/jpeg","source_url":"https:\/\/corcouesurlogne-ecole.fr\/wp-content\/uploads\/2022\/11\/photo-ecole-classes-elementaires-768x576.jpg"},"1536x1536":{"file":"photo-ecole-classes-elementaires-1536x1152.jpg","width":1536,"height":1152,"filesize":229811,"mime_type":"image\/jpeg","source_url":"https:\/\/corcouesurlogne-ecole.fr\/wp-content\/uploads\/2022\/11\/photo-ecole-classes-elementaires-1536x1152.jpg"},"full":{"file":"photo-ecole-classes-elementaires.jpg","width":2016,"height":1512,"mime_type":"image\/jpeg","source_url":"https:\/\/corcouesurlogne-ecole.fr\/wp-content\/uploads\/2022\/11\/photo-ecole-classes-elementaires.jpg"}},"image_meta":{"aperture":"0","credit":"","camera":"","caption":"","created_timestamp":"0","copyright":"","focal_length":"0","iso":"0","shutter_speed":"0","title":"","orientation":"1","keywords":[]}},"post":null,"source_url":"https:\/\/corcouesurlogne-ecole.fr\/wp-content\/uploads\/2022\/11\/photo-ecole-classes-elementaires.jpg","_links":{"self":[{"href":"https:\/\/corcouesurlogne-ecole.fr\/index.php?rest_route=\/wp\/v2\/media\/9957"}],"collection":[{"href":"https:\/\/corcouesurlogne-ecole.fr\/index.php?rest_route=\/wp\/v2\/media"}],"about":[{"href":"https:\/\/corcouesurlogne-ecole.fr\/index.php?rest_route=\/wp\/v2\/types\/attachment"}],"author":[{"embeddable":true,"href":"https:\/\/corcouesurlogne-ecole.fr\/index.php?rest_route=\/wp\/v2\/users\/1"}],"replies":[{"embeddable":true,"href":"https:\/\/corcouesurlogne-ecole.fr\/index.php?rest_route=%2Fwp%2Fv2%2Fcomments&post=9957"}]}}

photo école classes élémentaires
